12 - z**3/6 - 77*z**2/2 - 1221*z. What is j(-8)?
-5
Let g(w) = -2*w**3 - 5*w**2 + 3*w - 2. Let r(y) = y**3 + 5*y**2 - 2*y + 1. Let o = -169 + 171. Let p(l) = o*g(l) + 3*r(l). Suppose -2*m = -6 - 4. Give p(m).
-1
Let g(l) = -7*l + 74. Let v(u) = -8*u + 74. Let t(d) = -5*g(d) + 4*v(d). Give t(5).
-59
Let j = 6 - 8. Let i(w) be the third derivative of -w**5/12 - w**4/8 - w**3/2 - 3128*w**2 + 3*w - 1. Calculate i(j).
-17
Let g(f) be the second derivative of 1/12*f**4 - f**2 + 0 + 1/3*f**3 + 11*f. Let m(y) = y**2 - 7*y - 22. Let c be m(9). Give g(c).
6
Let n(p) = -31*p**2 - 9*p + 28. Let l(i) = -92*i**2 - 26*i + 79. Let u(z) = 6*l(z) - 17*n(z). Determine u(-1).
-24
Let f be 2*1/(-1)*(-10)/(-5). Let k = -33 + 36. Let d(u) = -u**2 + 5 + 0*u**2 + 8*u**2 + u**k - 4*u**2 - 4*u. What is d(f)?
5
Let j(y) = y**3 - 12*y**2 + 10*y + 7. Let q(m) = -9 + 15 - 1 - 4. Let r(w) = j(w) + 6*q(w). Give r(11).
2
Let v(g) = g**2 - 33*g + 112. Let u = -2082 - -2086. Calculate v(u).
-4
Let d(b) = -8885*b**2 + 420 - 51*b - 8891*b**2 - 8886*b**2 - 8883*b**2 + 35544*b**2. Calculate d(7).
14
Let o = 103 + -58. Let k = o - 47. Let j(a) = -2 - 3*a**2 - 20*a + 16*a - 2*a**2. Determine j(k).
-14
Let u(l) = l - 2. Let w(s) = -1. Let j(z) = u(z) - 5*w(z). Suppose 378 = 3012*q - 2958*q. Calculate j(q).
10
Let q(b) = -b**3 - 11*b**2 - 10*b - 5. Let s be q(-10). Let o be 196/(-35) - (-2)/s. Let j(t) be the second derivative of -t**3/3 + t**2 - 4*t. What is j(o)?
14
Let x be -6*(-8)/(-40)*5. Let d(j) = 0*j**2 - 4*j + 12 - 1 - j**2. Let m be d(x). Let y(a) = -11*a. Give y(m).
11
Let n(j) = j**2 + 17. Suppose 7*f = 1 + 34. Suppose -3*y - f*y + 6*y = 0. Calculate n(y).
17
Let r(x) = 5*x**2 + 4*x - 36. Let z(k) = -3*k**2 + 3*k + 36. Let l(y) = 2*r(y) + 3*z(y). What is l(-10)?
-34
Let w(i) be the third derivative of 9*i + 0 - 3*i**2 + 1/2*i**3 + 1/60*i**5 - 5/8*i**4. What is w(15)?
3
Suppose -5*v - 63 = 7. Let g be (2 - (-24)/v)*7. Let i(a) = 3*a**2 - 8*a - 2*a**g + 9 + 1 - 5. Determine i(6).
-7
Let j(m) = 3*m**2 - 4*m - 3. Let y(k) = 16*k**2 - 19*k - 16. Let x be (-20)/(2 + 3) + 5*3. Let p(u) = x*j(u) - 2*y(u). Give p(8).
15
Let t(z) be the first derivative of -4/3*z**3 + 18 - 2*z - 2*z**2. Let c = -12 + 10. Determine t(c).
-10
Let u(m) = 232*m - 921. Let c be u(4). Let y(z) = 2*z - 1. Give y(c).
13
Let p(n) = 0*n**3 + 8*n**3 - 14*n**2 - 50 - 15*n**3 + 14*n + 47 + 6*n**3. Give p(-15).
12
Let i(o) = -o**2 - 8*o + 8. Let x = -702 + 705. Calculate i(x).
-25
Suppose -3*n - 3*s = -42, n - 8 + 4 = s. Let p(t) = 4*t + 4*t**2 - 4 - n*t**2 + 4*t**2. Suppose -89 = -20*q - 9. Calculate p(q).
-4
Let s(i) = 8*i**3 + 30*i**2 + 11*i + 6. Let t(f) = -4*f**3 - 13*f**2 - 5*f - 3. Let g(x) = 3*s(x) + 7*t(x). Calculate g(-3).
102
Suppose 11 + 17 = 4*h. Let g(j) = 8*j - 81. Let i(p) = 10*p - 102. Let k(c) = -14*g(c) + 11*i(c). Give k(h).
-2
Let z(r) = 417 + r**3 + 418 - 836 - r + 8*r**2 - 5*r. Calculate z(-9).
-28
Let v = 1247/30312 + 2/3789. Let x(j) be the third derivative of v*j**4 + 0*j + 1/6*j**3 + 0 + 18*j**2. Give x(5).
6
Let q be (117/(-18))/((-4)/(-8)). Let y(a) = a**2 + 16*a + 10. What is y(q)?
-29
Suppose -v = -4*v + 9. Let m = 25 + -24. Let d(s) = -1 - s + 1 + m - v. Give d(6).
-8
Let f be -8 + 0 - 0/2. Let j(a) be the third derivative of a**6/120 + 2*a**5/15 + 5*a**4/24 + a**3 + 346*a**2 - 56. Give j(f).
-34
Let d(v) = -v**2 - 8*v - 9. Let p(q) = q**3 - 10*q**2 - 11*q + 8. Let l be p(11). Let k be l/(-6)*153/(-34). Let a(u) = 2*u - 18. Let o be a(k). Give d(o).
3
Let g(p) be the first derivative of -p - 12 + 7/2*p**2 - 1/6*p**3. Let h(u) be the first derivative of g(u). Give h(5).
2
Let g(o) = 3*o - 1. Let x(h) = h**3 + 16*h**2 + 11*h - 15. Let v be x(-15). Suppose 13*l - 58 + v = 0. Give g(l).
2
Let z(k) = 56 - k**2 - 7 + 2*k - 47. Suppose -3*o - 37 = -2*s, 4*o + 2 + 9 = -5*s. Let f = 5 + o. Calculate z(f).
-22
Let y(t) = -168*t + 226 + 50*t + 318 - 71. Determine y(4).
1
Let r = 244 + -240. Suppose 3*c - 13 = -v, 2*c - 6*c = -v - 22. Suppose 3*t - u = 17 - c, -3 = -5*t - r*u. Let a(b) = -2*b - 3. What is a(t)?
-9
Let r(i) = 17*i**2 + 11*i + 2. Let h(a) = -19*a**2 - 15*a - 3. Let g(s) = 2*h(s) + 3*r(s). Determine g(2).
58
Suppose 12 = -12*f - 2*x, -5*x + 2 = 64*f - 66*f. Let b(s) = -2*s**3. Calculate b(f).
2
Let q(t) = 10*t + 1096. Let h be q(-109). Let d(u) = u**3 - 7*u**2 + u + 32. Determine d(h).
2
Let g(y) be the second derivative of 150*y + 0 - 3/2*y**3 + 1/12*y**4 - 1/2*y**2. Let i = 10 - 0. What is g(i)?
9
Let d(u) = 2 + 7 - 15 + 6 - 2*u + u**3 + 1 + 2*u**2. What is d(-4)?
-23
Let n(m) = -m**2 - 10*m - 9. Let c(a) = -13*a + 7. Let t(x) = -14*x + 7. Let l(p) = 5*c(p) - 4*t(p). Let j be l(4). Let d = 22 + j. Calculate n(d).
12
Let w(p) = p**3 - 4*p**2 + 138*p - 4. Let x(m) = m**3 - 3*m**2 + 122*m - 7. Let y(q) = 9*w(q) - 10*x(q). Give y(-8).
-14
Suppose 105 = 13*t - 8*t. Suppose 8*x - x = t. Suppose -x*d - 2*b - 22 = d, -4*b = -d - 10. Let w(v) = v**2 + 6*v - 5. Give w(d).
-5
Let a(n) be the first derivative of 3*n**2 + 9*n - 72. What is a(-3)?
-9
Let x(h) = -413*h**2 + 205*h**2 - 9*h**3 - 4*h + 205*h**2 - 2 + h**3. Calculate x(-1).
7
Suppose -688*l + 701*l = 104. Let d(b) = 30*b - 236. Calculate d(l).
4
Let s(x) = -3*x - 57. Suppose -40 = 2*k - 3*j, -3*k + 5*j = -1052 + 1110. Determine s(k).
21
Let j be (-24)/(-2) - 2/2. Let m(q) be the second derivative of -q**4/12 + 11*q**3/6 - 3*q**2/2 + 41*q - 127. Calculate m(j).
-3
Suppose -2*k - 1 = 3. Let p(s) = -4*s + 2. Let o(u) = 4*u + 2. Let g(t) = -4*t - 1. Let b(r) = -4*g(r) - 3*o(r). Let v(d) = 4*b(d) + 5*p(d). What is v(k)?
10
Let b(i) = -21*i**3 - 7*i**2 - 6*i + 61. Let h(k) = 2*k**3 - k. Let y(u) = b(u) + 11*h(u). Calculate y(8).
-11
Let f = -43 + 47. Suppose -5*w + 47 - 17 = -f*u, w - 5*u = 27. Let k(z) = -53*z**3 - 5*z + 54*z**3 + 4 - 4*z**w - z + 2. Calculate k(5).
1
Suppose -4*w = -5*s - 0*w - 42, -w + 33 = -5*s. Let h(r) be the second derivative of r**4/12 + 7*r**3/6 - 3*r**2 + 282*r + 1. Give h(s).
-12
Let o(x) = 12*x**3 + 6*x**2 + 1. Let a(r) = -10*r**3 - 5*r**2. Let l(t) = -5*a(t) - 4*o(t). Give l(-2).
-16
Let c(k) = 4*k**2 + 4*k + 2. Let m = -240 - -458. Let l = -318 + m. Let f = -102 - l. Determine c(f).
10
Let t(p) = p**2 - 10*p + 18. Let r(c) = -10*c**2 + 91*c - 162. Let g(k) = 2*r(k) + 19*t(k). Determine g(-11).
-15
Let p(i) = 11*i + 43. Let d be 0/(-18 + 11) + -4. What is p(d)?
-1
Let o(f) = -f**3 + 11*f**2 - 3*f + 36. Suppose 615 = -3*s + 633, 4*j - 38 = s. What is o(j)?
3
Let u be -5 - (1 - 1)/(-2). Let p(m) be the third derivative of 1/10*m**5 - 26*m**2 + 0 + 1/6*m**4 - 1/2*m**3 + 1/120*m**6 + 0*m. What is p(u)?
2
Let u(d) be the second derivative of -d**5/20 - 5*d**4/12 + 5*d**3/6 + 5*d**2/2 - 487*d. What is u(-6)?
11
Let z(q) = -4*q**2 + 5*q + 3. Let k(w) = -8*w**2 - 100*w - 135. Let d be k(-11). Give z(d).
-48
Let z be 1 + -1 + 0/2. Let k be (3 - 4/1) + (z - -22). Let o = k + -21. Let g(x) = -x**2 - x + 7. Calculate g(o).
7
Let o(w) = 8*w**3 - 8*w**2 + 10*w - 11. Let c(b) = -6*b**3 + 6*b**2 - 9*b + 9. Let t(m) = -5*c(m) - 4*o(m). What is t(2)?
1
Suppose -3*p = p + 52. Let v = 32 + p. Let l(j) = -2*j - v - 6*j**2 + 31 - j**3 - 20. What is l(-6)?
4
Let m = 346 - 246. Suppose -34*h + 24*h = m. Let n(w) = 2*w - 12. Determine n(h).
-32
Let v = -382 + 488. Suppose 0 = -v*q + 102*q + 32. Let c(z) = -z**2 + 9*z - 6. Determine c(q).
2
Let b(r) = 5*r**3 - 3*r**2 + 2*r - 2. Let x = -38 + 45. Suppose t = x*t - 30. Suppose -t = -h - 2*h + v, -h - 3*v + 5 = 0. Calculate b(h).
30
Suppose 4*l = -2*x + 14, -x - l = 2*l - 8. Let a be 2/4 - (-14)/4. Suppose 2*r - a*r - d = 1, -x*r + 20 = -2*d. Let u(n) = -2*n. Determine u(r).
-4
Let x = 437 + -198. Suppose -235*p + x*p + 12 = 0. Let s(r) = r**2 + 5*r - 1. Calculate s(p).
-7
Let m(j) be the third derivative of -j**6/240 - 17*j**5/120 - 61*j**4/12 - 3*j**2 + 20*j. Let x(k) be the second derivative of m(k). What is x(-7)?
4
Let c(a) = -9*a**2 - 4*a + 5. Suppose 3*l + 4 + 21 = -4*o, 0 = -3*o + 3*l - 3. Let m(h) = -15*h - 59. Let g be m(o). Calculate c(g).
-8
Let v(p) = p**3 - 19*p**2 + 36*p - 24. Suppose -3*u + 58 = 204*l - 199*l, 4*l + 3*u = 41. Give v(l).
10
Suppose -5*u = -17*s + 16*s + 28, 6 = 2*s. Let h(i) = -3*i**2 - 11*i + 5. Calculate h(u).
-15
Let q(a) = a**2 - 12*a + 21. Suppos